{"id":125,"date":"2021-06-01T10:35:33","date_gmt":"2021-06-01T08:35:33","guid":{"rendered":"http:\/\/grafosped.com\/main\/?page_id=125"},"modified":"2021-06-18T10:19:49","modified_gmt":"2021-06-18T08:19:49","slug":"digitalna-stampa","status":"publish","type":"page","link":"http:\/\/grafosped.com\/main\/digitalna-stampa\/","title":{"rendered":"Digitalna \u0161tampa"},"content":{"rendered":"<p>[vc_row][vc_column][vc_empty_space][vc_column_text css_animation=&#8221;left-to-right&#8221;]<\/p>\n<h3 style=\"text-align: center;\">Pru\u017ea brojne prednosti u odnosu na standardnu ofset \u0161tampu<\/h3>\n<p>[\/vc_column_text][vc_separator color=&#8221;orange&#8221; css_animation=&#8221;fadeInDown&#8221;][vc_row_inner][vc_column_inner width=&#8221;1\/2&#8243;][vc_column_text css_animation=&#8221;left-to-right&#8221;]<\/p>\n<h4><strong>Najbitnije prednosti digitalne \u0161tampe su:<span class=\"Apple-converted-space\">\u00a0<\/span><\/strong><\/h4>\n<p>brzina izrade, povoljna cena za male i srednje tira\u017ee, kvalitet \u0161tampanje malih tira\u017ea, ekonomi\u010dnost za male i srednje tira\u017ee, koji u ofsetu ne bi bili ekonomski opravdani a realizacija bi trajala po nekoliko dana.<br \/>\nMogu\u0107nost \u0161tampe na razli\u010ditim materijalima \u2014 kunstdruk do 300gr, folija, muflon, specijalni papiri itd.) Mogu\u0107nost personalizacije, mogu\u0107nost \u0161tampe promenljivih podataka (ulazni\u0107e sa bar-kodom, bonovi, nagradne igre..) \u0160tampa se na papirima do formata 33,0 \u0445 48,8 na Xerox digitalnim ma\u0161inama.[\/vc_column_text][\/vc_column_inner][vc_column_inner width=&#8221;1\/2&#8243;][vc_single_image image=&#8221;161&#8243; img_size=&#8221;471&#215;305&#8243; css_animation=&#8221;right-to-left&#8221;][\/vc_column_inner][\/vc_row_inner][\/vc_column][\/vc_row][vc_row][vc_column][vc_column_text css_animation=&#8221;bottom-to-top&#8221;]<\/p>\n<p style=\"text-align: center;\">Digitalna \u0161tampa je posebno pogodna za: vizit karte, ID kartice, flajere, jelovnike, cenovnike, memorandume, pozivnice, kataloge, prospekte, bro\u0161ure, kalendare, plakate, samolepljive etikete, nalepnice, deklaracije, knjige malih tira\u017ea, preslika\u010de. Pogodna je i za \u0161tampu probnih otisaka.<\/p>\n<p>[\/vc_column_text][\/vc_column][\/vc_row][vc_row][vc_column width=&#8221;1\/2&#8243;][vc_column_text css_animation=&#8221;left-to-right&#8221;]<\/p>\n<h4>Dodatne usluge u oblasti ID PVC kartica<span class=\"Apple-converted-space\">\u00a0<\/span><\/h4>\n<p>[\/vc_column_text][vc_separator color=&#8221;orange&#8221; css_animation=&#8221;fadeInDown&#8221;][vc_column_text css_animation=&#8221;left-to-right&#8221;]Pored \u0161tampe PVC ID kartica, mo\u017eemo Vam ponuditi i \u0161tampu ID kartica na papiru sa PVC laminacijom.<span class=\"Apple-converted-space\">\u00a0<\/span><\/p>\n<p>Takodje, pored usluga \u0161tampe ID kartica, mo\u017eemo obezbediti i dodatke za ka\u010denje ili no\u0161enje u koje se mogu ubrojati razne \u0161tipaljke, privesci ili trake za no\u0161enje ID kartica oko vrata.<span class=\"Apple-converted-space\">\u00a0<\/span>[\/vc_column_text][vc_single_image image=&#8221;213&#8243; img_size=&#8221;full&#8221; style=&#8221;vc_box_shadow_3d&#8221; css_animation=&#8221;left-to-right&#8221;][\/vc_column][vc_column width=&#8221;1\/2&#8243;][vc_column_text css_animation=&#8221;right-to-left&#8221;]<\/p>\n<h4>\u0160tampa knjiga u malim tira\u017eima <span class=\"Apple-converted-space\">\u00a0<\/span><\/h4>\n<p>[\/vc_column_text][vc_separator color=&#8221;orange&#8221; css_animation=&#8221;fadeInDown&#8221;][vc_column_text css_animation=&#8221;right-to-left&#8221;]\u0160tampa knjiga u manjim tira\u017eima \u0458\u0435 veoma tra\u017eena usluga posebno u slu\u010dajevima kada se radi o knjigama pisaca koji \u017eele da urade pretpromociju svojih radova.<\/p>\n<p>\u010cesto se javlja i potreba za \u0161tampom knjiga u manjim tira\u017eima i u slu\u010dajevima kada je ve\u0107 izdata knjiga rasprodata, a do nje nisu uspeli da dodju svi zainteresovani \u010ditaoci.<span class=\"Apple-converted-space\">\u00a0<\/span><\/p>\n<p>Pisci knjiga \u010desto koriste \u010dtampu knjiga u manjim tira\u017eima i kada \u017eele da knjigu dobiju neki od njihovih prijatelja ili obo\u017eavalaca pre \u0161tampe velikih tira\u017ea. Bez obzira na razlog za \u0161tampu knjiga u malim tira\u017eima, stojimo na raspolaganju svim zainteresovanima za ovu vrstu usluge. Pomenu\u0107emo i mogu\u0107nost \u0161tampe knjiga u malim tira\u017eima i za \u0161kole stranih jezika u kojima se koriste specificni sistemi nastave i koriste knjige koje se razlikuju od standarda.<span class=\"Apple-converted-space\">\u00a0<\/span>[\/vc_column_text][\/vc_column][\/vc_row]<\/p>\n","protected":false},"excerpt":{"rendered":"<p>[vc_row][vc_column][vc_empty_space][vc_column_text css_animation=&#8221;left-to-right&#8221;] Pru\u017ea brojne prednosti u odnosu na standardnu ofset \u0161tampu [\/vc_column_text][vc_separator color=&#8221;orange&#8221; css_animation=&#8221;fadeInDown&#8221;][vc_row_inner][vc_column_inner width=&#8221;1\/2&#8243;][vc_column_text css_animation=&#8221;left-to-right&#8221;] Najbitnije prednosti digitalne \u0161tampe su:\u00a0 brzina izrade, povoljna cena za<span class=\"excerpt-hellip\"> [\u2026]<\/span><\/p>\n","protected":false},"author":1,"featured_media":0,"parent":0,"menu_order":0,"comment_status":"closed","ping_status":"closed","template":"","meta":{"footnotes":""},"class_list":["post-125","page","type-page","status-publish","hentry"],"_links":{"self":[{"href":"http:\/\/grafosped.com\/main\/wp-json\/wp\/v2\/pages\/125","targetHints":{"allow":["GET"]}}],"collection":[{"href":"http:\/\/grafosped.com\/main\/wp-json\/wp\/v2\/pages"}],"about":[{"href":"http:\/\/grafosped.com\/main\/wp-json\/wp\/v2\/types\/page"}],"author":[{"embeddable":true,"href":"http:\/\/grafosped.com\/main\/wp-json\/wp\/v2\/users\/1"}],"replies":[{"embeddable":true,"href":"http:\/\/grafosped.com\/main\/wp-json\/wp\/v2\/comments?post=125"}],"version-history":[{"count":20,"href":"http:\/\/grafosped.com\/main\/wp-json\/wp\/v2\/pages\/125\/revisions"}],"predecessor-version":[{"id":241,"href":"http:\/\/grafosped.com\/main\/wp-json\/wp\/v2\/pages\/125\/revisions\/241"}],"wp:attachment":[{"href":"http:\/\/grafosped.com\/main\/wp-json\/wp\/v2\/media?parent=125"}],"curies":[{"name":"wp","href":"https:\/\/api.w.org\/{rel}","templated":true}]}}