{"id":185,"date":"2021-06-08T10:13:36","date_gmt":"2021-06-08T08:13:36","guid":{"rendered":"http:\/\/grafosped.com\/main\/?page_id=185"},"modified":"2021-06-18T10:25:57","modified_gmt":"2021-06-18T08:25:57","slug":"kartonske-kutije","status":"publish","type":"page","link":"http:\/\/grafosped.com\/main\/kartonske-kutije\/","title":{"rendered":"Kartonske kutije"},"content":{"rendered":"<p>[vc_row][vc_column][vc_column_text css_animation=&#8221;zoomIn&#8221;]<\/p>\n<h3 style=\"text-align: center;\">Kutije za kola\u010de, ketering i peciva.<span class=\"Apple-converted-space\">\u00a0<\/span><\/h3>\n<p>[\/vc_column_text][vc_separator color=&#8221;orange&#8221;][vc_row_inner][vc_column_inner width=&#8221;1\/2&#8243;][vc_single_image image=&#8221;191&#8243; img_size=&#8221;full&#8221; style=&#8221;vc_box_shadow_3d&#8221; css_animation=&#8221;left-to-right&#8221;][vc_column_text]<\/p>\n<h4>Na\u0161e kutije su proverene i uz to predstavljaju najbolji odnos cene i kvaliteta.<\/h4>\n<p>[\/vc_column_text][vc_column_text css_animation=&#8221;left-to-right&#8221;]Veoma prakti\u010dne i jednostavne kutije. U razli\u010ditim dimenzijama ispuni\u0107e sve Va\u0161e potrebe za pakovanjem kola\u010da i peciva.<\/p>\n<p>Sve kutije \u0161tampamo i brendiramo \u0440\u043e zahtevu i \u017eeljama kupaca i imamo ih uvek na stanju.<\/p>\n<p>lsporuka kutija brzom po\u0161tom ili na\u0161im vozilima.<span class=\"Apple-converted-space\">\u00a0<\/span>[\/vc_column_text][\/vc_column_inner][vc_column_inner width=&#8221;1\/2&#8243;][vc_column_text css_animation=&#8221;right-to-left&#8221;]Pored standardnih dimenzija, mogu\u0107e \u0458\u0435 na zahtev kupaca, napraviti kutije ili podmeta\u010de \u0440\u043e specijalnim dimenzijama, sa odredjenim natpisom, slikom ili logom.[\/vc_column_text][vc_single_image image=&#8221;243&#8243; img_size=&#8221;full&#8221; css_animation=&#8221;right-to-left&#8221;][\/vc_column_inner][\/vc_row_inner][\/vc_column][\/vc_row]<\/p>\n","protected":false},"excerpt":{"rendered":"<p>[vc_row][vc_column][vc_column_text css_animation=&#8221;zoomIn&#8221;] Kutije za kola\u010de, ketering i peciva.\u00a0 [\/vc_column_text][vc_separator color=&#8221;orange&#8221;][vc_row_inner][vc_column_inner width=&#8221;1\/2&#8243;][vc_single_image image=&#8221;191&#8243; img_size=&#8221;full&#8221; style=&#8221;vc_box_shadow_3d&#8221; css_animation=&#8221;left-to-right&#8221;][vc_column_text] Na\u0161e kutije su proverene i uz to predstavljaju najbolji odnos cene<span class=\"excerpt-hellip\"> [\u2026]<\/span><\/p>\n","protected":false},"author":1,"featured_media":0,"parent":0,"menu_order":0,"comment_status":"closed","ping_status":"closed","template":"","meta":{"footnotes":""},"class_list":["post-185","page","type-page","status-publish","hentry"],"_links":{"self":[{"href":"http:\/\/grafosped.com\/main\/wp-json\/wp\/v2\/pages\/185","targetHints":{"allow":["GET"]}}],"collection":[{"href":"http:\/\/grafosped.com\/main\/wp-json\/wp\/v2\/pages"}],"about":[{"href":"http:\/\/grafosped.com\/main\/wp-json\/wp\/v2\/types\/page"}],"author":[{"embeddable":true,"href":"http:\/\/grafosped.com\/main\/wp-json\/wp\/v2\/users\/1"}],"replies":[{"embeddable":true,"href":"http:\/\/grafosped.com\/main\/wp-json\/wp\/v2\/comments?post=185"}],"version-history":[{"count":15,"href":"http:\/\/grafosped.com\/main\/wp-json\/wp\/v2\/pages\/185\/revisions"}],"predecessor-version":[{"id":245,"href":"http:\/\/grafosped.com\/main\/wp-json\/wp\/v2\/pages\/185\/revisions\/245"}],"wp:attachment":[{"href":"http:\/\/grafosped.com\/main\/wp-json\/wp\/v2\/media?parent=185"}],"curies":[{"name":"wp","href":"https:\/\/api.w.org\/{rel}","templated":true}]}}