{"id":274,"date":"2024-03-11T18:30:26","date_gmt":"2024-03-11T17:30:26","guid":{"rendered":"http:\/\/grafosped.com\/main\/?page_id=274"},"modified":"2024-03-14T09:43:20","modified_gmt":"2024-03-14T08:43:20","slug":"proizvodnja-etiketa","status":"publish","type":"page","link":"http:\/\/grafosped.com\/main\/proizvodnja-etiketa\/","title":{"rendered":"Proizvodnja etiketa"},"content":{"rendered":"\t\t<div data-elementor-type=\"wp-page\" data-elementor-id=\"274\" class=\"elementor elementor-274\">\n\t\t\t\t\t\t\t\t\t<section class=\"elementor-section elementor-top-section elementor-element elementor-element-e8fe166 elementor-section-boxed elementor-section-height-default elementor-section-height-default\" data-id=\"e8fe166\" data-element_type=\"section\">\n\t\t\t\t\t\t<div class=\"elementor-container elementor-column-gap-default\">\n\t\t\t\t\t<div class=\"elementor-column elementor-col-100 elementor-top-column elementor-element elementor-element-f8891c7\" data-id=\"f8891c7\" data-element_type=\"column\">\n\t\t\t<div class=\"elementor-widget-wrap elementor-element-populated\">\n\t\t\t\t\t\t\t\t<div class=\"elementor-element elementor-element-88fc87e elementor-widget elementor-widget-image\" data-id=\"88fc87e\" data-element_type=\"widget\" data-widget_type=\"image.default\">\n\t\t\t\t<div class=\"elementor-widget-container\">\n\t\t\t\t\t\t\t\t\t\t\t\t\t\t\t<img loading=\"lazy\" decoding=\"async\" width=\"2040\" height=\"652\" src=\"http:\/\/grafosped.com\/main\/wp-content\/uploads\/2024\/03\/gallus2.png\" class=\"attachment-full size-full wp-image-366\" alt=\"\" srcset=\"http:\/\/grafosped.com\/main\/wp-content\/uploads\/2024\/03\/gallus2.png 2040w, http:\/\/grafosped.com\/main\/wp-content\/uploads\/2024\/03\/gallus2-300x96.png 300w, http:\/\/grafosped.com\/main\/wp-content\/uploads\/2024\/03\/gallus2-1024x327.png 1024w, http:\/\/grafosped.com\/main\/wp-content\/uploads\/2024\/03\/gallus2-768x245.png 768w, http:\/\/grafosped.com\/main\/wp-content\/uploads\/2024\/03\/gallus2-1536x491.png 1536w, http:\/\/grafosped.com\/main\/wp-content\/uploads\/2024\/03\/gallus2-260x83.png 260w, http:\/\/grafosped.com\/main\/wp-content\/uploads\/2024\/03\/gallus2-50x16.png 50w, http:\/\/grafosped.com\/main\/wp-content\/uploads\/2024\/03\/gallus2-150x48.png 150w\" sizes=\"auto, (max-width: 2040px) 100vw, 2040px\" \/>\t\t\t\t\t\t\t\t\t\t\t\t\t\t\t<\/div>\n\t\t\t\t<\/div>\n\t\t\t\t<div class=\"elementor-element elementor-element-05430bb elementor-widget elementor-widget-heading\" data-id=\"05430bb\" data-element_type=\"widget\" data-widget_type=\"heading.default\">\n\t\t\t\t<div class=\"elementor-widget-container\">\n\t\t\t<h3 class=\"elementor-heading-title elementor-size-default\">Samolepljive etikete \u0161tampom iz rolne u rolnu<\/h3>\t\t<\/div>\n\t\t\t\t<\/div>\n\t\t\t\t\t<\/div>\n\t\t<\/div>\n\t\t\t\t\t\t\t<\/div>\n\t\t<\/section>\n\t\t\t\t<section class=\"elementor-section elementor-top-section elementor-element elementor-element-4fbcda1 elementor-section-boxed elementor-section-height-default elementor-section-height-default\" data-id=\"4fbcda1\" data-element_type=\"section\">\n\t\t\t\t\t\t<div class=\"elementor-container elementor-column-gap-default\">\n\t\t\t\t\t<div class=\"elementor-column elementor-col-100 elementor-top-column elementor-element elementor-element-7a70619\" data-id=\"7a70619\" data-element_type=\"column\">\n\t\t\t<div class=\"elementor-widget-wrap elementor-element-populated\">\n\t\t\t\t\t\t\t\t<div class=\"elementor-element elementor-element-cf5a343 elementor-widget elementor-widget-text-editor\" data-id=\"cf5a343\" data-element_type=\"widget\" data-widget_type=\"text-editor.default\">\n\t\t\t\t<div class=\"elementor-widget-container\">\n\t\t\t\t\t\t\t<p>GRAFO-\u0160PED proizvodi samolepljive etikete \u0161tampom iz rolne u rolnu na masini GALLUS primenom tehnologije visoke \u0161tampe (leter press \u0161tampe) u 6 boja i za\u0161titni lak. Na\u0161im kupcima nudimo re\u0161enja za sve specific\u030cne zahteve u oblasti etiketiranja proizvoda.<\/p>\t\t\t\t\t\t<\/div>\n\t\t\t\t<\/div>\n\t\t\t\t<div class=\"elementor-element elementor-element-468ad3d elementor-widget-divider--separator-type-pattern elementor-widget-divider--view-line elementor-widget elementor-widget-divider\" data-id=\"468ad3d\" data-element_type=\"widget\" data-widget_type=\"divider.default\">\n\t\t\t\t<div class=\"elementor-widget-container\">\n\t\t\t\t\t<div class=\"elementor-divider\" style=\"--divider-pattern-url: url(&quot;data:image\/svg+xml,%3Csvg xmlns=&#039;http:\/\/www.w3.org\/2000\/svg&#039; preserveAspectRatio=&#039;none&#039; overflow=&#039;visible&#039; height=&#039;100%&#039; viewBox=&#039;0 0 24 24&#039; fill=&#039;none&#039; stroke=&#039;black&#039; stroke-width=&#039;1&#039; stroke-linecap=&#039;square&#039; stroke-miterlimit=&#039;10&#039;%3E%3Cpath d=&#039;M0,6c6,0,0.9,11.1,6.9,11.1S18,6,24,6&#039;\/%3E%3C\/svg%3E&quot;);\">\n\t\t\t<span class=\"elementor-divider-separator\">\n\t\t\t\t\t\t<\/span>\n\t\t<\/div>\n\t\t\t\t<\/div>\n\t\t\t\t<\/div>\n\t\t\t\t\t<\/div>\n\t\t<\/div>\n\t\t\t\t\t\t\t<\/div>\n\t\t<\/section>\n\t\t\t\t<section class=\"elementor-section elementor-top-section elementor-element elementor-element-f01e462 elementor-section-boxed elementor-section-height-default elementor-section-height-default\" data-id=\"f01e462\" data-element_type=\"section\">\n\t\t\t\t\t\t<div class=\"elementor-container elementor-column-gap-default\">\n\t\t\t\t\t<div class=\"elementor-column elementor-col-50 elementor-top-column elementor-element elementor-element-7b5d6fb\" data-id=\"7b5d6fb\" data-element_type=\"column\">\n\t\t\t<div class=\"elementor-widget-wrap elementor-element-populated\">\n\t\t\t\t\t\t\t\t<div class=\"elementor-element elementor-element-d3a8305 elementor-widget elementor-widget-text-editor\" data-id=\"d3a8305\" data-element_type=\"widget\" data-widget_type=\"text-editor.default\">\n\t\t\t\t<div class=\"elementor-widget-container\">\n\t\t\t\t\t\t\t<p><strong>Industrijske nalepnice<\/strong><\/p><p>Pod industrijskom \u0161tampanom nalepnicom podrazumevamo svaku nalepnicu kojom se obele\u017eava ili deklari\u0161e gotov proizvod iz prehrambene, mesne, hemijske, gumarske, farmaceutske i kozmetic\u030cke industrije, koji zatim, tako obele\u017een, izlazi na slobodno tr\u017ei\u0161te u prodaju.<\/p>\t\t\t\t\t\t<\/div>\n\t\t\t\t<\/div>\n\t\t\t\t<div class=\"elementor-element elementor-element-95fa0ca elementor-widget elementor-widget-image\" data-id=\"95fa0ca\" data-element_type=\"widget\" data-widget_type=\"image.default\">\n\t\t\t\t<div class=\"elementor-widget-container\">\n\t\t\t\t\t\t\t\t\t\t\t\t\t\t\t<img loading=\"lazy\" decoding=\"async\" width=\"642\" height=\"382\" src=\"http:\/\/grafosped.com\/main\/wp-content\/uploads\/2024\/03\/Screenshot-2024-03-11-at-19.18.44.png\" class=\"attachment-large size-large wp-image-286\" alt=\"\" srcset=\"http:\/\/grafosped.com\/main\/wp-content\/uploads\/2024\/03\/Screenshot-2024-03-11-at-19.18.44.png 642w, http:\/\/grafosped.com\/main\/wp-content\/uploads\/2024\/03\/Screenshot-2024-03-11-at-19.18.44-300x179.png 300w, http:\/\/grafosped.com\/main\/wp-content\/uploads\/2024\/03\/Screenshot-2024-03-11-at-19.18.44-245x146.png 245w, http:\/\/grafosped.com\/main\/wp-content\/uploads\/2024\/03\/Screenshot-2024-03-11-at-19.18.44-50x30.png 50w, http:\/\/grafosped.com\/main\/wp-content\/uploads\/2024\/03\/Screenshot-2024-03-11-at-19.18.44-126x75.png 126w\" sizes=\"auto, (max-width: 642px) 100vw, 642px\" \/>\t\t\t\t\t\t\t\t\t\t\t\t\t\t\t<\/div>\n\t\t\t\t<\/div>\n\t\t\t\t\t<\/div>\n\t\t<\/div>\n\t\t\t\t<div class=\"elementor-column elementor-col-50 elementor-top-column elementor-element elementor-element-f6950a0\" data-id=\"f6950a0\" data-element_type=\"column\">\n\t\t\t<div class=\"elementor-widget-wrap elementor-element-populated\">\n\t\t\t\t\t\t\t\t<div class=\"elementor-element elementor-element-19538f0 elementor-widget elementor-widget-text-editor\" data-id=\"19538f0\" data-element_type=\"widget\" data-widget_type=\"text-editor.default\">\n\t\t\t\t<div class=\"elementor-widget-container\">\n\t\t\t\t\t\t\t<p><strong>Samolepive etikete za termalnu stampu<\/strong><\/p><p>Ove nalepnice mogu da se poruc\u030ce blanko ricovane u \u017eeljeni oblik i na \u017eeljenu dimenziju, ili pred\u0161tampane i ricovane. Na pred\u0161tampanim nalepnicama se u ovoj fazi \u0161tampaju samo nepromenjivi podaci (npr. logo firme, adresa, telefoni), a varjabilni podaci se u\u0161tampavaju putem DIRECT-THERMAL ili TERMAL-TRANSFER \u0161tampac\u030ca neposredno u Va\u0161oj proizvodnji ili na prodajnim mestima<\/p>\t\t\t\t\t\t<\/div>\n\t\t\t\t<\/div>\n\t\t\t\t<div class=\"elementor-element elementor-element-63618fe elementor-widget elementor-widget-image\" data-id=\"63618fe\" data-element_type=\"widget\" data-widget_type=\"image.default\">\n\t\t\t\t<div class=\"elementor-widget-container\">\n\t\t\t\t\t\t\t\t\t\t\t\t\t\t\t<img loading=\"lazy\" decoding=\"async\" width=\"858\" height=\"314\" src=\"http:\/\/grafosped.com\/main\/wp-content\/uploads\/2024\/03\/nal.jpg\" class=\"attachment-large size-large wp-image-297\" alt=\"\" srcset=\"http:\/\/grafosped.com\/main\/wp-content\/uploads\/2024\/03\/nal.jpg 858w, http:\/\/grafosped.com\/main\/wp-content\/uploads\/2024\/03\/nal-300x110.jpg 300w, http:\/\/grafosped.com\/main\/wp-content\/uploads\/2024\/03\/nal-768x281.jpg 768w, http:\/\/grafosped.com\/main\/wp-content\/uploads\/2024\/03\/nal-260x95.jpg 260w, http:\/\/grafosped.com\/main\/wp-content\/uploads\/2024\/03\/nal-50x18.jpg 50w, http:\/\/grafosped.com\/main\/wp-content\/uploads\/2024\/03\/nal-150x55.jpg 150w\" sizes=\"auto, (max-width: 858px) 100vw, 858px\" \/>\t\t\t\t\t\t\t\t\t\t\t\t\t\t\t<\/div>\n\t\t\t\t<\/div>\n\t\t\t\t\t<\/div>\n\t\t<\/div>\n\t\t\t\t\t\t\t<\/div>\n\t\t<\/section>\n\t\t\t\t<section class=\"elementor-section elementor-top-section elementor-element elementor-element-d7caaca elementor-section-boxed elementor-section-height-default elementor-section-height-default\" data-id=\"d7caaca\" data-element_type=\"section\">\n\t\t\t\t\t\t<div class=\"elementor-container elementor-column-gap-default\">\n\t\t\t\t\t<div class=\"elementor-column elementor-col-100 elementor-top-column elementor-element elementor-element-4389e8c\" data-id=\"4389e8c\" data-element_type=\"column\">\n\t\t\t<div class=\"elementor-widget-wrap elementor-element-populated\">\n\t\t\t\t\t\t\t\t<div class=\"elementor-element elementor-element-7cd8782 elementor-widget__width-initial elementor-widget-divider--separator-type-pattern elementor-widget-divider--view-line elementor-widget elementor-widget-divider\" data-id=\"7cd8782\" data-element_type=\"widget\" data-widget_type=\"divider.default\">\n\t\t\t\t<div class=\"elementor-widget-container\">\n\t\t\t\t\t<div class=\"elementor-divider\" style=\"--divider-pattern-url: url(&quot;data:image\/svg+xml,%3Csvg xmlns=&#039;http:\/\/www.w3.org\/2000\/svg&#039; preserveAspectRatio=&#039;none&#039; overflow=&#039;visible&#039; height=&#039;100%&#039; viewBox=&#039;0 0 24 24&#039; fill=&#039;none&#039; stroke=&#039;black&#039; stroke-width=&#039;1&#039; stroke-linecap=&#039;square&#039; stroke-miterlimit=&#039;10&#039;%3E%3Cpath d=&#039;M0,6c6,0,0.9,11.1,6.9,11.1S18,6,24,6&#039;\/%3E%3C\/svg%3E&quot;);\">\n\t\t\t<span class=\"elementor-divider-separator\">\n\t\t\t\t\t\t<\/span>\n\t\t<\/div>\n\t\t\t\t<\/div>\n\t\t\t\t<\/div>\n\t\t\t\t<div class=\"elementor-element elementor-element-d8ea65f elementor-widget elementor-widget-heading\" data-id=\"d8ea65f\" data-element_type=\"widget\" data-widget_type=\"heading.default\">\n\t\t\t\t<div class=\"elementor-widget-container\">\n\t\t\t<h3 class=\"elementor-heading-title elementor-size-default\">Termal transfer \u0161tampa\u010di<\/h3>\t\t<\/div>\n\t\t\t\t<\/div>\n\t\t\t\t\t<\/div>\n\t\t<\/div>\n\t\t\t\t\t\t\t<\/div>\n\t\t<\/section>\n\t\t\t\t<section class=\"elementor-section elementor-top-section elementor-element elementor-element-661eed5 elementor-section-boxed elementor-section-height-default elementor-section-height-default\" data-id=\"661eed5\" data-element_type=\"section\">\n\t\t\t\t\t\t<div class=\"elementor-container elementor-column-gap-default\">\n\t\t\t\t\t<div class=\"elementor-column elementor-col-50 elementor-top-column elementor-element elementor-element-fbff456\" data-id=\"fbff456\" data-element_type=\"column\">\n\t\t\t<div class=\"elementor-widget-wrap elementor-element-populated\">\n\t\t\t\t\t\t\t\t<div class=\"elementor-element elementor-element-6f813c3 elementor-widget elementor-widget-text-editor\" data-id=\"6f813c3\" data-element_type=\"widget\" data-widget_type=\"text-editor.default\">\n\t\t\t\t<div class=\"elementor-widget-container\">\n\t\t\t\t\t\t\t<p><strong>Termal transfer \u0161tampac\u030ci<\/strong><\/p><p>Termal transfer \u0161tampanje (Thermal Transfer Overprinting \u2013 TTO) je proces prilikom koga se ispis nanosi na fleksibilnu foliju ili etiketu pomoc\u0301u termalne glave \u0161tampac\u030ca i termalnog ribona.<\/p><p>Idealno je za vec\u0301inu pakovanja izra\u0111enih od fleksibilne folije.<\/p><p>Ovaj proces \u0161tampanja ne samo da proizvodi oznaku vrlo visoke rezolucije koja je lako c\u030citljiva, vec\u0301 i obezbe\u0111uje da nema naru\u0161avanja estetskog kvaliteta ilustracija i dizajna pakovanja.<\/p>\t\t\t\t\t\t<\/div>\n\t\t\t\t<\/div>\n\t\t\t\t<div class=\"elementor-element elementor-element-0a551d4 elementor-widget elementor-widget-image\" data-id=\"0a551d4\" data-element_type=\"widget\" data-widget_type=\"image.default\">\n\t\t\t\t<div class=\"elementor-widget-container\">\n\t\t\t\t\t\t\t\t\t\t\t\t\t\t\t<img loading=\"lazy\" decoding=\"async\" width=\"870\" height=\"406\" src=\"http:\/\/grafosped.com\/main\/wp-content\/uploads\/2024\/03\/ter1.png\" class=\"attachment-large size-large wp-image-336\" alt=\"\" srcset=\"http:\/\/grafosped.com\/main\/wp-content\/uploads\/2024\/03\/ter1.png 870w, http:\/\/grafosped.com\/main\/wp-content\/uploads\/2024\/03\/ter1-300x140.png 300w, http:\/\/grafosped.com\/main\/wp-content\/uploads\/2024\/03\/ter1-768x358.png 768w, http:\/\/grafosped.com\/main\/wp-content\/uploads\/2024\/03\/ter1-260x121.png 260w, http:\/\/grafosped.com\/main\/wp-content\/uploads\/2024\/03\/ter1-50x23.png 50w, http:\/\/grafosped.com\/main\/wp-content\/uploads\/2024\/03\/ter1-150x70.png 150w\" sizes=\"auto, (max-width: 870px) 100vw, 870px\" \/>\t\t\t\t\t\t\t\t\t\t\t\t\t\t\t<\/div>\n\t\t\t\t<\/div>\n\t\t\t\t<div class=\"elementor-element elementor-element-5b2cfb4 elementor-widget elementor-widget-spacer\" data-id=\"5b2cfb4\" data-element_type=\"widget\" data-widget_type=\"spacer.default\">\n\t\t\t\t<div class=\"elementor-widget-container\">\n\t\t\t\t\t<div class=\"elementor-spacer\">\n\t\t\t<div class=\"elementor-spacer-inner\"><\/div>\n\t\t<\/div>\n\t\t\t\t<\/div>\n\t\t\t\t<\/div>\n\t\t\t\t\t<\/div>\n\t\t<\/div>\n\t\t\t\t<div class=\"elementor-column elementor-col-50 elementor-top-column elementor-element elementor-element-443fd6d\" data-id=\"443fd6d\" data-element_type=\"column\">\n\t\t\t<div class=\"elementor-widget-wrap elementor-element-populated\">\n\t\t\t\t\t\t\t\t<div class=\"elementor-element elementor-element-e54b86b elementor-widget elementor-widget-text-editor\" data-id=\"e54b86b\" data-element_type=\"widget\" data-widget_type=\"text-editor.default\">\n\t\t\t\t<div class=\"elementor-widget-container\">\n\t\t\t\t\t\t\t<p><strong>Termal transfer riboni<\/strong><\/p><p>Termal transfer riboni su napravljeni da \u0161tampaju na \u0161irokom spektru materijala kao toneri za \u0161tapmu. Termal transfer riboni se c\u030cesto nazivaju drugac\u030cijim imenima, kao \u0161to su Riboni, TTR, Termal transfer folija, Ribon trake itd.<\/p><p>Mi koristimo c\u030cetri grupe ribona, koje se koriste u zavistnosi od medija na kome \u0161tampaju:<\/p><p>&#8211; WAX \/ WAX,<br \/>&#8211; WAX \/ RESIN \/ WAX RESIN<br \/>&#8211; RESIN \/ RESIN<br \/>&#8211; WAX \/ RESIN \/ WAX RESIN &#8211; NEAR EDGE<\/p>\t\t\t\t\t\t<\/div>\n\t\t\t\t<\/div>\n\t\t\t\t<div class=\"elementor-element elementor-element-a0b975e elementor-widget elementor-widget-image\" data-id=\"a0b975e\" data-element_type=\"widget\" data-widget_type=\"image.default\">\n\t\t\t\t<div class=\"elementor-widget-container\">\n\t\t\t\t\t\t\t\t\t\t\t\t\t\t\t<img loading=\"lazy\" decoding=\"async\" width=\"870\" height=\"406\" src=\"http:\/\/grafosped.com\/main\/wp-content\/uploads\/2024\/03\/ter2.png\" class=\"attachment-large size-large wp-image-337\" alt=\"\" srcset=\"http:\/\/grafosped.com\/main\/wp-content\/uploads\/2024\/03\/ter2.png 870w, http:\/\/grafosped.com\/main\/wp-content\/uploads\/2024\/03\/ter2-300x140.png 300w, http:\/\/grafosped.com\/main\/wp-content\/uploads\/2024\/03\/ter2-768x358.png 768w, http:\/\/grafosped.com\/main\/wp-content\/uploads\/2024\/03\/ter2-260x121.png 260w, http:\/\/grafosped.com\/main\/wp-content\/uploads\/2024\/03\/ter2-50x23.png 50w, http:\/\/grafosped.com\/main\/wp-content\/uploads\/2024\/03\/ter2-150x70.png 150w\" sizes=\"auto, (max-width: 870px) 100vw, 870px\" \/>\t\t\t\t\t\t\t\t\t\t\t\t\t\t\t<\/div>\n\t\t\t\t<\/div>\n\t\t\t\t<div class=\"elementor-element elementor-element-1d86408 elementor-widget elementor-widget-spacer\" data-id=\"1d86408\" data-element_type=\"widget\" data-widget_type=\"spacer.default\">\n\t\t\t\t<div class=\"elementor-widget-container\">\n\t\t\t\t\t<div class=\"elementor-spacer\">\n\t\t\t<div class=\"elementor-spacer-inner\"><\/div>\n\t\t<\/div>\n\t\t\t\t<\/div>\n\t\t\t\t<\/div>\n\t\t\t\t\t<\/div>\n\t\t<\/div>\n\t\t\t\t\t\t\t<\/div>\n\t\t<\/section>\n\t\t\t\t\t\t\t<\/div>\n\t\t","protected":false},"excerpt":{"rendered":"<p>Samolepljive etikete \u0161tampom iz rolne u rolnu GRAFO-\u0160PED proizvodi samolepljive etikete \u0161tampom iz rolne u rolnu na masini GALLUS primenom tehnologije visoke \u0161tampe (leter press \u0161tampe)<span class=\"excerpt-hellip\"> [\u2026]<\/span><\/p>\n","protected":false},"author":1,"featured_media":0,"parent":0,"menu_order":0,"comment_status":"closed","ping_status":"closed","template":"","meta":{"footnotes":""},"class_list":["post-274","page","type-page","status-publish","hentry"],"_links":{"self":[{"href":"http:\/\/grafosped.com\/main\/wp-json\/wp\/v2\/pages\/274","targetHints":{"allow":["GET"]}}],"collection":[{"href":"http:\/\/grafosped.com\/main\/wp-json\/wp\/v2\/pages"}],"about":[{"href":"http:\/\/grafosped.com\/main\/wp-json\/wp\/v2\/types\/page"}],"author":[{"embeddable":true,"href":"http:\/\/grafosped.com\/main\/wp-json\/wp\/v2\/users\/1"}],"replies":[{"embeddable":true,"href":"http:\/\/grafosped.com\/main\/wp-json\/wp\/v2\/comments?post=274"}],"version-history":[{"count":88,"href":"http:\/\/grafosped.com\/main\/wp-json\/wp\/v2\/pages\/274\/revisions"}],"predecessor-version":[{"id":372,"href":"http:\/\/grafosped.com\/main\/wp-json\/wp\/v2\/pages\/274\/revisions\/372"}],"wp:attachment":[{"href":"http:\/\/grafosped.com\/main\/wp-json\/wp\/v2\/media?parent=274"}],"curies":[{"name":"wp","href":"https:\/\/api.w.org\/{rel}","templated":true}]}}